.
-14
Evaluate 10 + 11 - 12 - ((-4 - 3) + 4).
12
Calculate (3 - (-22 + 3 + 13)) + 9.
18
(3 + 20 - (12 + -7)) + -10
8
Evaluate 22 + -4 + 2 - 2 - (-13 + 19).
12
Calculate 4 + -11 + (0 - (1 + -4)).
-4
Evaluate 11 + (1 + 10 + -19 - -8) + -4.
7
What is (23 - 3) + (-14 - -15 - -2)?
23
What is the value of -180 - -153 - (-1 + -16)?
-10
What is the value of -13 + 6 + 1 + 1 + -1?
-6
What is the value of (-4 - 0) + (-7 - 10) - (-85 - -92)?
-28
3 - -3 - (11 + -3)
-2
What is the value of 2 - (11 + 4 + -11) - (-1 + 5)?
-6
What is the value of (-5 - (8 - 29 - -6) - -6) + 7?
23
What is 70 + -56 - (8 + 13)?
-7
Evaluate -520 - -513 - (-1 - -6 - 0).
-12
Calculate 13 - 60 - -4 - -28.
-15
What is (57 - 42) + -3 + (-4 - -1)?
9
Calculate 5 + 1 + 35 + -136 + 125.
30
(-7 - (-12 - -8)) + 0 + 4 + 3
4
Evaluate 48 - 9 - 42 - (-26 + -1).
24
Calculate 13 + (1 - 10 - -9) + -1 + -5.
7
-16 - ((-6 - -35) + -34)
-11
Calculate 26 + -14 + -42 - (-9 - -1).
-22
What is the value of -1 - (0 + -1 - -17)?
-17
What is the value of -7 + (-9 - (-9 + (9 - (-3 - -2))))?
-17
-4 + (-10 + 4 + 3 + 5 - -8)
6
What is the value of 4 + (-1 + 4 - -4) + -15 - -3?
-1
27 + -40 + (7 - -2)
-4
Evaluate 15 + 1 + 3 + -5 + -4.
10
What is -7 + 7 + -5 - (-23 - -12)?
6
9 + 0 + (-20 - -3 - -36)
28
Evaluate -10 + (-29 - -29) - -10.
0
Calculate 2 - 4 - -11 - (-186 - -192) - 3.
0
Evaluate (-44 - -59) + (-3 + -1 - (-3 + 0)).
14
17 - (38 - (-8 + 14))
-15
-17 + (7 - 4) + 14
0
Calculate -3 - (5 - -11 - 32).
13
6 + -23 - (-4 - (-19 + 1 + 9))
-22
Evaluate (-34 - -47 - 42) + 31.
2
What is the value of (25 - 6) + 4 + -1 - 3?
19
-6 - -1 - (45 + -26 + -8)
-16
-51 - -6 - (-3 + 1 + (-29 - -21))
-35
Calculate 10 + -2 - (2 + 1).
5
(6 - -27) + 31 + -51
13
What is the value of 9 - (16 + -11) - 3?
1
What is 15 + -34 + 45 + -19?
7
What is the value of 1 + (4 - 1) - (6 + -11 - -9)?
0
What is 33 + -23 + 14 - 55?
-31
Calculate (12 - 4) + -5 + 6 + (1 - 30).
-20
Evaluate -210 + 199 - (1 - 17).
5
(-2 - -14) + -7 + -4 + (0 - 8)
-7
1 + (-1 - (-2 + 10) - 1)
-9
What is -9 - (2 - 20) - (15 + (-11 - -6))?
-1
Evaluate (1 - 1) + -1 + (6 - -11 - 34).
-18
What is the value of ((6 - 7) + 17 - 8) + -9?
-1
60 - 33 - (1 + 53)
-27
Calculate 7 - (70 - 13 - 32).
-18
What is 17 - (-41 - (-36 + 5))?
27
What is 2 + (-5 - -2) + (-63 - -77)?
13
Calculate -14 + 7 + (-4 - (-10 + 10)).
-11
Calculate -34 - 4 - (217 - 241).
-14
What is the value of 1 - (0 + 9 + -15)?
7
Evaluate 13 - (-35 - (22 + -50)).
20
Evaluate 2 + -1 + (8 - ((24 - 10) + 1)).
-6
Calculate -2 + -6 + 2 + 16 + (1 - 6).
5
Evaluate -6 - 22 - (-18 - (-6 + -4)).
-20
What is the value of 12 - (-2 - (-7 + (-2 - -9)))?
14
What is the value of 4 - (38 + -15 + 0 - (3 + -1))?
-17
Calculate 9 + 4 + (19 + -43 - -23).
12
Evaluate -759 - -776 - (1 + -1 - 3).
20
What is (-1 + 3 - 0 - 5 - -5) + -10?
-8
What is the value of 6 + (0 + 5 - (8 + -6) - 1)?
8
Calculate -15 - (16 + -19) - -32.
20
Calculate (0 - 3) + -1 - (-39 - -42).
-7
(-2 - -5) + (-34 - -48) - -3
20
Evaluate (0 - -9) + (2 + -4 - 3 - -10).
14
Evaluate -17 + 39 + -17 - (-2 - -1).
6
-16 - (-24 - -42 - 24)
-10
Calculate (12 - -1) + -2 + (157 - 182).
-14
Evaluate (-1 - 0) + (-667 - -666).
-2
Evaluate 152 + -164 + (6 - 11).
-17
55 + -27 + -1 - (9 + 1)
17
What is -1 + 0 + (-6 - -13)?
6
Calculate -22 + -10 + 1 + 14 + -8.
-25
What is -14 - ((-44 - (-39 + 3)) + (9 - 0))?
-15
-12 + (4 - 2) + -6 + (0 - -6)
-10
-9 - (12 + -14 + -3)
-4
Evaluate -5 + 2 + (61 - 44).
14
What is the value of (2 - (8 + -7 + 2 + -7)) + -7?
-1
What is the value of 1553 + -1581 + ((-1 - -2) + -1 - -9)?
-19
-12 + (8 - (-12 - -19)) + 14
3
What is the value of -44 - (18 + -54) - 10?
-18
-4 + -1 - (16 - 16 - (-1 + -6))
-12
Evaluate 20 + -27 + (2 + -4 - 7) + 2.
-14
Evaluate (-5 - 0) + (37 - 39).
-7
Calculate (14 - (-17 + (-22 - -38))) + (0 - 4).
11
What is the value of -7 + 32 - (24 + -4)?
5
5 + -8 + 27 - (-93 - -103)
14
Evaluate 3 - 2 - (5 - (9 - 8)).
-3
Calculate 4 + -2 + -4 + (-3 - (8 + -8)).
-5
What is the value of 2 + -28 + 17 + -2?
-11
Evaluate 0 + 28 - (-80 - -86).
22
What is -107 - -119 - (5 - 2)?
9
4 - 2 - 5 - (-11 + -2 - 5)
15
What is (7 - 8 - -19) + -3?
15
-2 + (-2 - (13 + -6 + -8)) - -3
0
What is the value of -2 - (8 + -6 + 5) - -14?
5
What is the value of 12 + (31 - 25) - -5?
23
(14 + -12 - (-4 + 0)) + -1
5
What is 7 + (9 - (15 - 1)) + -28?
-26
-2 + -10 + 52 + -12 - 14
14
Evaluate 17 + (6 - (11 + -1)) + 8 + -13.
8
Evaluate 25 + -11 + (-37 - -8) - -5.
-10
(160 - 140) + 3 + -12
11
-5 + (7 - 0 - (-9 + (-8 - -15)))
4
Evaluate -1 + -14 + (5 - -3).
-7
What is the value of (-19 + (11 - 5) - -3) + 0?
-10
What is 14 - (-5 + 1 + (5 - 8) + 8)?
13
Evaluate -5 + (5 - (9 - 1) - (-12 - -1)).
3
What is the value of 5 - (-1 + 0) - (-40 + -6 - -37)?
15
-46 + (-7 + 0 - -19)
-34
What is 8 + -1 + 23 + -21 + -3?
6
(64 - 47) + -6 + -1 + 1
11
Evaluate -17 - (0 - -7 - (-7 - -63)).
32
What is the value of 4 + (1 - 9) - (-5 - (3 - -10))?
14
What is -1 + 4 - (1 + -18 - (13 - 18))?
15
What is -26 - -3 - (3 + -6 + 0)?
-20
(-153 - -181) + (-37 - -5)
-4
Calculate -16 + 15 + -3 + 2 + 0.
-2
Calculate 9 + (43 - -1) + -15.
38
Evaluate -12 - (-8 + 16 + -11 - -1 - -4).
-14
What is -5 + (-3 - (-1 - (6 - -2))) - -27?
28
2 - (11 - 6) - (4 + 0 + 1)
-8
6 - (15 - 2) - -18
11
What is 8 + -5 + (13 - 14)?
2
What is the value of 1 + 30 + (440 - 444)?
27
(2 - -2 - 3) + 13 + -6 + -9
-1
What is the value of -14 + 4 + (-6 - -6) + -4?
-14
-18 + 9 + (-4 - -8 - 4)
-9
What is (-9 - (15 - 36)) + -2?
10
Evaluate -5 + 2 + -3 + 7 + -7 - 1.
-7
What is the value of 11 + 1 + 3 + -16 + 11?
10
What is the value of -9 - ((-4 - 0) + 9 + (4 - 6))?
-12
What is (-2 - (-1 + -6)) + (228 - 218) - 5?
10
What is -39 - (15 + (-9 + -12 - 5))?
-28
-23 - (-8 - (-43 + 41))
-17
Calculate 4 + -5 + -26 - (-18 - (16 - 30)).
-23
What is (-42 - -48 - (2 - -23)) + -14?
-33
(-14 + -1 - -23) + -7 + 11 + -1
11
What is the value of (-6 - (-3 - 10) - (15 - 17)) + -10?
-1
Calculate 54 + -61 - (-22 + -1 + 5).
11
What is (-9 - 1) + 64 + -53?
1
Evaluate -2 + 11 - (121 - 120 - (2 + 2)).
12
What is -13 - (-24 - (-5 - -4))?
10
What is the value of 0 - (2 + 34 + -21)?
-15
5 + (-20 + 16 - (-8 + 2)) - 2
5
Calculate -12 + 25 - (-22 + 26).
9
5 + 1 + (-22 - -19) + -20 + -10
-27
What is the value of -1 + -3 - (1024 - 1065)?
37
-20 - (-1 - (-2 - -5))
-16
Calculate 9 + 31 + (-15 - -8 - 12).
21
What is the value of -6 + (9 - -19 - 2)?
20
Calculate (34 - (25 + 10 + -27)) + 10.
36
What is the value of 738 + -756 + 20 + -1?
1
Calculate -38 + (-12 - -4) + 19 - (-2 + -3).
-22
What is 3 + 14 + (-128 - -122)?
11
6 + -4 + 3 + 2 + (-20 - -24)
11
What is 22 + (3 - 11) + -33?
-19
What is 13 + -12 - (0 + 2) - (124 + -119)?
-6
(-2 - 10 - (-4 + -11)) + 0 + 8
11
What is the value of (-6 - (3 + -2)) + -14 + (0 - -30)?
9
8 - (10 - (-11 + 20 - 4))
3
Evaluate 7 + (-17 - (2 - 4)) + (-4 - -8).
-4
-15 + 9 + 12 - (-2 - -23)
-15
Evaluate (-14 - -3) + 6 + 12.
7
What is the value of -12 + 1 + 12 + 9 + -14?
-4
(-31 - 1) + (68 - 68) + 0 + 0
-32
Evaluate 10 - 11 - 3 - -2.
-2
Calculate 3 + -12 + 8 + 3 + -5.
-3
Evaluate 0 + -2 + (164 - 172) - 3.
-13
What is the value of (12 + -22 - 23) + 24?
-9
What is -4 + -1 - (0 + -8 - (-9 - -1))?
-5
What is (33 - (49 - -20)) + 24?
-12
4 + 7 + 7 + 0 + -6
12
What is -8 + 1 + -1 + (-6 - -24 - 12)?
-2
What is (20 - (10 - -16)) + (-2 - -2)?
-6
What is 5 + -5 + -24 + 10?
-14
Evaluate 44 - (19 - (36 + -53)).
8
-2 + 6 - -15 - (2 - -9 - 7)
15
What is -2 - (482 + -477 - (0 + 29 - 0))?
22
Calculate (37 - -15) + -39 - (18 + 0).
-5
Evaluate 0 + 8 + 10 + 4 + -14 + 5.
13
What is the value of 103 + -117 + (10 - -1) - (-7 - -1)?
3
Calculate (11 - (4 - (-5 - -3))) + 5.
10
-2 + 20 + (7 - (21 - 3))
7
Evaluate 8 + 7 - (16 + 11 - 4).
-8
-13 + 0 + (-131 - -150)
6
Evaluate -15 + (-25 - -9) + 12 + -12.
-31
What is 33 - (-31 - (-3 - 71))?
-10
Calculate 17 - (9 + -15 + 19).
4
What is the value of 17 - ((-14 - -45) + 9)?
-23
What is -5 + 12 + -16 + -4 + 24?
11
What is the value of (4 - (0 + 0)) + (40 - 35)?
9
Evaluate 1 + (-3 - (7 + (2 - 18))).
7
What is -9 + -5 + (33 + 4 - 12)?
11
13 + (14 - (48 + -10 - 8))
-3
What is -3 + -10 + -1 - -8?
-6
-9 - -4 - (11 + -18)
2
-7 - (1 + 21 + (222 - 238))
-13
What is the value of -18 + 25 - -5 - -4?
16
What is (-1 - -3 - (26 - 21)) + -3 + 3?
-3
What is the value of 11 